{"id":3213,"date":"2025-07-29T09:48:25","date_gmt":"2025-07-29T07:48:25","guid":{"rendered":"https:\/\/campingalbergtivissa.cat\/?post_type=mec-events&#038;p=3213"},"modified":"2025-07-29T09:49:43","modified_gmt":"2025-07-29T07:49:43","slug":"nits-a-la-baranova-pop-acustic-aura","status":"publish","type":"mec-events","link":"https:\/\/campingalbergtivissa.cat\/en\/events\/nits-a-la-baranova-pop-acustic-aura\/","title":{"rendered":"Nits a la Baranova &#8211; Pop Ac\u00fastic &#8211; \u00c0ura"},"content":{"rendered":"","protected":false},"excerpt":{"rendered":"<p>La Nit del Pop Ac\u00fastic, amb Aura: Cl\u00e0udia Xiva i Josep Lanau<br \/>\nVENDA ANTICIPADA<br \/>\nVENDA A TAQUILLA dissabte de 20.00 h. a 22.00 h.<br \/>\n\ud83c\udf77 Celler Anguera Dom\u00e8nech i Aibar 1895<br \/>\n\ud83c\udf74 La Tossa i La Societat<\/p>","protected":false},"author":3,"featured_media":3214,"comment_status":"open","ping_status":"closed","template":"","tags":[],"mec_category":[],"class_list":["post-3213","mec-events","type-mec-events","status-publish","has-post-thumbnail","hentry"],"yoast_head":"<!-- This site is optimized with the Yoast SEO plugin v27.5 - https:\/\/yoast.com\/product\/yoast-seo-wordpress\/ -->\n<title>Nits a la Baranova - Pop Ac\u00fastic - \u00c0ura - Camping Alberg Tivissa<\/title>\n<meta name=\"description\" content=\"La Nit del Pop Ac\u00fastic, amb Aura: Cl\u00e0udia Xiva i Josep Lanau \ud83c\udf77 Celler Anguera Dom\u00e8nech i Aibar 1895\ud83c\udf74 La Tossa i La Societat\" \/>\n<meta name=\"robots\" content=\"index, follow, max-snippet:-1, max-image-preview:large, max-video-preview:-1\" \/>\n<link rel=\"canonical\" href=\"https:\/\/campingalbergtivissa.cat\/en\/events\/nits-a-la-baranova-pop-acustic-aura\/\" \/>\n<meta property=\"og:locale\" content=\"en_GB\" \/>\n<meta property=\"og:type\" content=\"article\" \/>\n<meta property=\"og:title\" content=\"Nits a la Baranova - Pop Ac\u00fastic - \u00c0ura - Camping Alberg Tivissa\" \/>\n<meta property=\"og:description\" content=\"La Nit del Pop Ac\u00fastic, amb Aura: Cl\u00e0udia Xiva i Josep Lanau \ud83c\udf77 Celler Anguera Dom\u00e8nech i Aibar 1895\ud83c\udf74 La Tossa i La Societat\" \/>\n<meta property=\"og:url\" content=\"https:\/\/campingalbergtivissa.cat\/en\/events\/nits-a-la-baranova-pop-acustic-aura\/\" \/>\n<meta property=\"og:site_name\" content=\"Camping Alberg Tivissa\" \/>\n<meta property=\"article:modified_time\" content=\"2025-07-29T07:49:43+00:00\" \/>\n<meta property=\"og:image\" content=\"https:\/\/campingalbergtivissa.cat\/wp-content\/uploads\/2025\/07\/Nits-a-la-Baranova-25-aura-scaled.jpg\" \/>\n\t<meta property=\"og:image:width\" content=\"2048\" \/>\n\t<meta property=\"og:image:height\" content=\"2560\" \/>\n\t<meta property=\"og:image:type\" content=\"image\/jpeg\" \/>\n<meta name=\"twitter:card\" content=\"summary_large_image\" \/>\n<meta name=\"twitter:label1\" content=\"Estimated reading time\" \/>\n\t<meta name=\"twitter:data1\" content=\"1 minute\" \/>\n<script type=\"application\/ld+json\" class=\"yoast-schema-graph\">{\"@context\":\"https:\\\/\\\/schema.org\",\"@graph\":[{\"@type\":\"WebPage\",\"@id\":\"https:\\\/\\\/campingalbergtivissa.cat\\\/events\\\/nits-a-la-baranova-pop-acustic-aura\\\/\",\"url\":\"https:\\\/\\\/campingalbergtivissa.cat\\\/events\\\/nits-a-la-baranova-pop-acustic-aura\\\/\",\"name\":\"Nits a la Baranova - Pop Ac\u00fastic - \u00c0ura - Camping Alberg Tivissa\",\"isPartOf\":{\"@id\":\"https:\\\/\\\/campingalbergtivissa.cat\\\/#website\"},\"primaryImageOfPage\":{\"@id\":\"https:\\\/\\\/campingalbergtivissa.cat\\\/events\\\/nits-a-la-baranova-pop-acustic-aura\\\/#primaryimage\"},\"image\":{\"@id\":\"https:\\\/\\\/campingalbergtivissa.cat\\\/events\\\/nits-a-la-baranova-pop-acustic-aura\\\/#primaryimage\"},\"thumbnailUrl\":\"https:\\\/\\\/campingalbergtivissa.cat\\\/wp-content\\\/uploads\\\/2025\\\/07\\\/Nits-a-la-Baranova-25-aura-scaled.jpg\",\"datePublished\":\"2025-07-29T07:48:25+00:00\",\"dateModified\":\"2025-07-29T07:49:43+00:00\",\"description\":\"La Nit del Pop Ac\u00fastic, amb Aura: Cl\u00e0udia Xiva i Josep Lanau \ud83c\udf77 Celler Anguera Dom\u00e8nech i Aibar 1895\ud83c\udf74 La Tossa i La Societat\",\"breadcrumb\":{\"@id\":\"https:\\\/\\\/campingalbergtivissa.cat\\\/events\\\/nits-a-la-baranova-pop-acustic-aura\\\/#breadcrumb\"},\"inLanguage\":\"en-GB\",\"potentialAction\":[{\"@type\":\"ReadAction\",\"target\":[\"https:\\\/\\\/campingalbergtivissa.cat\\\/events\\\/nits-a-la-baranova-pop-acustic-aura\\\/\"]}]},{\"@type\":\"ImageObject\",\"inLanguage\":\"en-GB\",\"@id\":\"https:\\\/\\\/campingalbergtivissa.cat\\\/events\\\/nits-a-la-baranova-pop-acustic-aura\\\/#primaryimage\",\"url\":\"https:\\\/\\\/campingalbergtivissa.cat\\\/wp-content\\\/uploads\\\/2025\\\/07\\\/Nits-a-la-Baranova-25-aura-scaled.jpg\",\"contentUrl\":\"https:\\\/\\\/campingalbergtivissa.cat\\\/wp-content\\\/uploads\\\/2025\\\/07\\\/Nits-a-la-Baranova-25-aura-scaled.jpg\",\"width\":2048,\"height\":2560},{\"@type\":\"BreadcrumbList\",\"@id\":\"https:\\\/\\\/campingalbergtivissa.cat\\\/events\\\/nits-a-la-baranova-pop-acustic-aura\\\/#breadcrumb\",\"itemListElement\":[{\"@type\":\"ListItem\",\"position\":1,\"name\":\"Inici\",\"item\":\"https:\\\/\\\/campingalbergtivissa.cat\\\/\"},{\"@type\":\"ListItem\",\"position\":2,\"name\":\"Esdeveniments\",\"item\":\"https:\\\/\\\/campingalbergtivissa.cat\\\/events\\\/\"},{\"@type\":\"ListItem\",\"position\":3,\"name\":\"Nits a la Baranova &#8211; Pop Ac\u00fastic &#8211; \u00c0ura\"}]},{\"@type\":\"WebSite\",\"@id\":\"https:\\\/\\\/campingalbergtivissa.cat\\\/#website\",\"url\":\"https:\\\/\\\/campingalbergtivissa.cat\\\/\",\"name\":\"Camping Alberg Tivissa\",\"description\":\"Informaci\u00f3 i reserves del Camping Alberg de Tivissa\",\"publisher\":{\"@id\":\"https:\\\/\\\/campingalbergtivissa.cat\\\/#organization\"},\"potentialAction\":[{\"@type\":\"SearchAction\",\"target\":{\"@type\":\"EntryPoint\",\"urlTemplate\":\"https:\\\/\\\/campingalbergtivissa.cat\\\/?s={search_term_string}\"},\"query-input\":{\"@type\":\"PropertyValueSpecification\",\"valueRequired\":true,\"valueName\":\"search_term_string\"}}],\"inLanguage\":\"en-GB\"},{\"@type\":\"Organization\",\"@id\":\"https:\\\/\\\/campingalbergtivissa.cat\\\/#organization\",\"name\":\"Camping Alberg Tivissa\",\"url\":\"https:\\\/\\\/campingalbergtivissa.cat\\\/\",\"logo\":{\"@type\":\"ImageObject\",\"inLanguage\":\"en-GB\",\"@id\":\"https:\\\/\\\/campingalbergtivissa.cat\\\/#\\\/schema\\\/logo\\\/image\\\/\",\"url\":\"https:\\\/\\\/campingalbergtivissa.cat\\\/wp-content\\\/uploads\\\/2023\\\/03\\\/logo-llarg.png\",\"contentUrl\":\"https:\\\/\\\/campingalbergtivissa.cat\\\/wp-content\\\/uploads\\\/2023\\\/03\\\/logo-llarg.png\",\"width\":167,\"height\":50,\"caption\":\"Camping Alberg Tivissa\"},\"image\":{\"@id\":\"https:\\\/\\\/campingalbergtivissa.cat\\\/#\\\/schema\\\/logo\\\/image\\\/\"}}]}<\/script>\n<!-- \/ Yoast SEO plugin. -->","yoast_head_json":{"title":"Nits a la Baranova - Pop Ac\u00fastic - \u00c0ura - Camping Alberg Tivissa","description":"La Nit del Pop Ac\u00fastic, amb Aura: Cl\u00e0udia Xiva i Josep Lanau \ud83c\udf77 Celler Anguera Dom\u00e8nech i Aibar 1895\ud83c\udf74 La Tossa i La Societat","robots":{"index":"index","follow":"follow","max-snippet":"max-snippet:-1","max-image-preview":"max-image-preview:large","max-video-preview":"max-video-preview:-1"},"canonical":"https:\/\/campingalbergtivissa.cat\/en\/events\/nits-a-la-baranova-pop-acustic-aura\/","og_locale":"en_GB","og_type":"article","og_title":"Nits a la Baranova - Pop Ac\u00fastic - \u00c0ura - Camping Alberg Tivissa","og_description":"La Nit del Pop Ac\u00fastic, amb Aura: Cl\u00e0udia Xiva i Josep Lanau \ud83c\udf77 Celler Anguera Dom\u00e8nech i Aibar 1895\ud83c\udf74 La Tossa i La Societat","og_url":"https:\/\/campingalbergtivissa.cat\/en\/events\/nits-a-la-baranova-pop-acustic-aura\/","og_site_name":"Camping Alberg Tivissa","article_modified_time":"2025-07-29T07:49:43+00:00","og_image":[{"width":2048,"height":2560,"url":"https:\/\/campingalbergtivissa.cat\/wp-content\/uploads\/2025\/07\/Nits-a-la-Baranova-25-aura-scaled.jpg","type":"image\/jpeg"}],"twitter_card":"summary_large_image","twitter_misc":{"Estimated reading time":"1 minute"},"schema":{"@context":"https:\/\/schema.org","@graph":[{"@type":"WebPage","@id":"https:\/\/campingalbergtivissa.cat\/events\/nits-a-la-baranova-pop-acustic-aura\/","url":"https:\/\/campingalbergtivissa.cat\/events\/nits-a-la-baranova-pop-acustic-aura\/","name":"Nits a la Baranova - Pop Ac\u00fastic - \u00c0ura - Camping Alberg Tivissa","isPartOf":{"@id":"https:\/\/campingalbergtivissa.cat\/#website"},"primaryImageOfPage":{"@id":"https:\/\/campingalbergtivissa.cat\/events\/nits-a-la-baranova-pop-acustic-aura\/#primaryimage"},"image":{"@id":"https:\/\/campingalbergtivissa.cat\/events\/nits-a-la-baranova-pop-acustic-aura\/#primaryimage"},"thumbnailUrl":"https:\/\/campingalbergtivissa.cat\/wp-content\/uploads\/2025\/07\/Nits-a-la-Baranova-25-aura-scaled.jpg","datePublished":"2025-07-29T07:48:25+00:00","dateModified":"2025-07-29T07:49:43+00:00","description":"La Nit del Pop Ac\u00fastic, amb Aura: Cl\u00e0udia Xiva i Josep Lanau \ud83c\udf77 Celler Anguera Dom\u00e8nech i Aibar 1895\ud83c\udf74 La Tossa i La Societat","breadcrumb":{"@id":"https:\/\/campingalbergtivissa.cat\/events\/nits-a-la-baranova-pop-acustic-aura\/#breadcrumb"},"inLanguage":"en-GB","potentialAction":[{"@type":"ReadAction","target":["https:\/\/campingalbergtivissa.cat\/events\/nits-a-la-baranova-pop-acustic-aura\/"]}]},{"@type":"ImageObject","inLanguage":"en-GB","@id":"https:\/\/campingalbergtivissa.cat\/events\/nits-a-la-baranova-pop-acustic-aura\/#primaryimage","url":"https:\/\/campingalbergtivissa.cat\/wp-content\/uploads\/2025\/07\/Nits-a-la-Baranova-25-aura-scaled.jpg","contentUrl":"https:\/\/campingalbergtivissa.cat\/wp-content\/uploads\/2025\/07\/Nits-a-la-Baranova-25-aura-scaled.jpg","width":2048,"height":2560},{"@type":"BreadcrumbList","@id":"https:\/\/campingalbergtivissa.cat\/events\/nits-a-la-baranova-pop-acustic-aura\/#breadcrumb","itemListElement":[{"@type":"ListItem","position":1,"name":"Inici","item":"https:\/\/campingalbergtivissa.cat\/"},{"@type":"ListItem","position":2,"name":"Esdeveniments","item":"https:\/\/campingalbergtivissa.cat\/events\/"},{"@type":"ListItem","position":3,"name":"Nits a la Baranova &#8211; Pop Ac\u00fastic &#8211; \u00c0ura"}]},{"@type":"WebSite","@id":"https:\/\/campingalbergtivissa.cat\/#website","url":"https:\/\/campingalbergtivissa.cat\/","name":"Camping Alberg Tivissa","description":"Informaci\u00f3 i reserves del Camping Alberg de Tivissa","publisher":{"@id":"https:\/\/campingalbergtivissa.cat\/#organization"},"potentialAction":[{"@type":"SearchAction","target":{"@type":"EntryPoint","urlTemplate":"https:\/\/campingalbergtivissa.cat\/?s={search_term_string}"},"query-input":{"@type":"PropertyValueSpecification","valueRequired":true,"valueName":"search_term_string"}}],"inLanguage":"en-GB"},{"@type":"Organization","@id":"https:\/\/campingalbergtivissa.cat\/#organization","name":"Camping Alberg Tivissa","url":"https:\/\/campingalbergtivissa.cat\/","logo":{"@type":"ImageObject","inLanguage":"en-GB","@id":"https:\/\/campingalbergtivissa.cat\/#\/schema\/logo\/image\/","url":"https:\/\/campingalbergtivissa.cat\/wp-content\/uploads\/2023\/03\/logo-llarg.png","contentUrl":"https:\/\/campingalbergtivissa.cat\/wp-content\/uploads\/2023\/03\/logo-llarg.png","width":167,"height":50,"caption":"Camping Alberg Tivissa"},"image":{"@id":"https:\/\/campingalbergtivissa.cat\/#\/schema\/logo\/image\/"}}]}},"_links":{"self":[{"href":"https:\/\/campingalbergtivissa.cat\/en\/wp-json\/wp\/v2\/mec-events\/3213","targetHints":{"allow":["GET"]}}],"collection":[{"href":"https:\/\/campingalbergtivissa.cat\/en\/wp-json\/wp\/v2\/mec-events"}],"about":[{"href":"https:\/\/campingalbergtivissa.cat\/en\/wp-json\/wp\/v2\/types\/mec-events"}],"author":[{"embeddable":true,"href":"https:\/\/campingalbergtivissa.cat\/en\/wp-json\/wp\/v2\/users\/3"}],"replies":[{"embeddable":true,"href":"https:\/\/campingalbergtivissa.cat\/en\/wp-json\/wp\/v2\/comments?post=3213"}],"wp:featuredmedia":[{"embeddable":true,"href":"https:\/\/campingalbergtivissa.cat\/en\/wp-json\/wp\/v2\/media\/3214"}],"wp:attachment":[{"href":"https:\/\/campingalbergtivissa.cat\/en\/wp-json\/wp\/v2\/media?parent=3213"}],"wp:term":[{"taxonomy":"post_tag","embeddable":true,"href":"https:\/\/campingalbergtivissa.cat\/en\/wp-json\/wp\/v2\/tags?post=3213"},{"taxonomy":"mec_category","embeddable":true,"href":"https:\/\/campingalbergtivissa.cat\/en\/wp-json\/wp\/v2\/mec_category?post=3213"}],"curies":[{"name":"wp","href":"https:\/\/api.w.org\/{rel}","templated":true}]}}

Nits a la Baranova &#8211; Pop Acústic &#8211; Àura

<p>La Nit del Pop Acústic, amb Aura: Clàudia Xiva i Josep Lanau<br />
VENDA ANTICIPADA<br />
VENDA A TAQUILLA dissabte de 20.00 h. a 22.00 h.<br />
🍷 Celler Anguera Domènech i Aibar 1895<br />
🍴 La Tossa i La Societat</p>

<!-- This site is optimized with the Yoast SEO plugin v27.5 - https://yoast.com/product/yoast-seo-wordpress/ -->
<title>Nits a la Baranova - Pop Acústic - Àura - Camping Alberg Tivissa</title>
<meta name="description" content="La Nit del Pop Acústic, amb Aura: Clàudia Xiva i Josep Lanau 🍷 Celler Anguera Domènech i Aibar 1895🍴 La Tossa i La Societat" />
<meta name="robots" content="index, follow, max-snippet:-1, max-image-preview:large, max-video-preview:-1" />
<link rel="canonical" href="https://campingalbergtivissa.cat/en/events/nits-a-la-baranova-pop-acustic-aura/" />
<meta property="og:locale" content="en_GB" />
<meta property="og:type" content="article" />
<meta property="og:title" content="Nits a la Baranova - Pop Acústic - Àura - Camping Alberg Tivissa" />
<meta property="og:description" content="La Nit del Pop Acústic, amb Aura: Clàudia Xiva i Josep Lanau 🍷 Celler Anguera Domènech i Aibar 1895🍴 La Tossa i La Societat" />
<meta property="og:url" content="https://campingalbergtivissa.cat/en/events/nits-a-la-baranova-pop-acustic-aura/" />
<meta property="og:site_name" content="Camping Alberg Tivissa" />
<meta property="article:modified_time" content="2025-07-29T07:49:43+00:00" />
<meta property="og:image" content="https://campingalbergtivissa.cat/wp-content/uploads/2025/07/Nits-a-la-Baranova-25-aura-scaled.jpg" />
	<meta property="og:image:width" content="2048" />
	<meta property="og:image:height" content="2560" />
	<meta property="og:image:type" content="image/jpeg" />
<meta name="twitter:card" content="summary_large_image" />
<meta name="twitter:label1" content="Estimated reading time" />
	<meta name="twitter:data1" content="1 minute" />
<script type="application/ld+json" class="yoast-schema-graph">{"@context":"https:\/\/schema.org","@graph":[{"@type":"WebPage","@id":"https:\/\/campingalbergtivissa.cat\/events\/nits-a-la-baranova-pop-acustic-aura\/","url":"https:\/\/campingalbergtivissa.cat\/events\/nits-a-la-baranova-pop-acustic-aura\/","name":"Nits a la Baranova - Pop Acústic - Àura - Camping Alberg Tivissa","isPartOf":{"@id":"https:\/\/campingalbergtivissa.cat\/#website"},"primaryImageOfPage":{"@id":"https:\/\/campingalbergtivissa.cat\/events\/nits-a-la-baranova-pop-acustic-aura\/#primaryimage"},"image":{"@id":"https:\/\/campingalbergtivissa.cat\/events\/nits-a-la-baranova-pop-acustic-aura\/#primaryimage"},"thumbnailUrl":"https:\/\/campingalbergtivissa.cat\/wp-content\/uploads\/2025\/07\/Nits-a-la-Baranova-25-aura-scaled.jpg","datePublished":"2025-07-29T07:48:25+00:00","dateModified":"2025-07-29T07:49:43+00:00","description":"La Nit del Pop Acústic, amb Aura: Clàudia Xiva i Josep Lanau 🍷 Celler Anguera Domènech i Aibar 1895🍴 La Tossa i La Societat","breadcrumb":{"@id":"https:\/\/campingalbergtivissa.cat\/events\/nits-a-la-baranova-pop-acustic-aura\/#breadcrumb"},"inLanguage":"en-GB","potentialAction":[{"@type":"ReadAction","target":["https:\/\/campingalbergtivissa.cat\/events\/nits-a-la-baranova-pop-acustic-aura\/"]}]},{"@type":"ImageObject","inLanguage":"en-GB","@id":"https:\/\/campingalbergtivissa.cat\/events\/nits-a-la-baranova-pop-acustic-aura\/#primaryimage","url":"https:\/\/campingalbergtivissa.cat\/wp-content\/uploads\/2025\/07\/Nits-a-la-Baranova-25-aura-scaled.jpg","contentUrl":"https:\/\/campingalbergtivissa.cat\/wp-content\/uploads\/2025\/07\/Nits-a-la-Baranova-25-aura-scaled.jpg","width":2048,"height":2560},{"@type":"BreadcrumbList","@id":"https:\/\/campingalbergtivissa.cat\/events\/nits-a-la-baranova-pop-acustic-aura\/#breadcrumb","itemListElement":[{"@type":"ListItem","position":1,"name":"Inici","item":"https:\/\/campingalbergtivissa.cat\/"},{"@type":"ListItem","position":2,"name":"Esdeveniments","item":"https:\/\/campingalbergtivissa.cat\/events\/"},{"@type":"ListItem","position":3,"name":"Nits a la Baranova &#8211; Pop Acústic &#8211; Àura"}]},{"@type":"WebSite","@id":"https:\/\/campingalbergtivissa.cat\/#website","url":"https:\/\/campingalbergtivissa.cat\/","name":"Camping Alberg Tivissa","description":"Informació i reserves del Camping Alberg de Tivissa","publisher":{"@id":"https:\/\/campingalbergtivissa.cat\/#organization"},"potentialAction":[{"@type":"SearchAction","target":{"@type":"EntryPoint","urlTemplate":"https:\/\/campingalbergtivissa.cat\/?s={search_term_string}"},"query-input":{"@type":"PropertyValueSpecification","valueRequired":true,"valueName":"search_term_string"}}],"inLanguage":"en-GB"},{"@type":"Organization","@id":"https:\/\/campingalbergtivissa.cat\/#organization","name":"Camping Alberg Tivissa","url":"https:\/\/campingalbergtivissa.cat\/","logo":{"@type":"ImageObject","inLanguage":"en-GB","@id":"https:\/\/campingalbergtivissa.cat\/#\/schema\/logo\/image\/","url":"https:\/\/campingalbergtivissa.cat\/wp-content\/uploads\/2023\/03\/logo-llarg.png","contentUrl":"https:\/\/campingalbergtivissa.cat\/wp-content\/uploads\/2023\/03\/logo-llarg.png","width":167,"height":50,"caption":"Camping Alberg Tivissa"},"image":{"@id":"https:\/\/campingalbergtivissa.cat\/#\/schema\/logo\/image\/"}}]}</script>
<!-- / Yoast SEO plugin. -->

Nits a la Baranova - Pop Acústic - Àura - Camping Alberg Tivissa

La Nit del Pop Acústic, amb Aura: Clàudia Xiva i Josep Lanau 🍷 Celler Anguera Domènech i Aibar 1895🍴 La Tossa i La Societat

Informació i reserves del Camping Alberg de Tivissa
